 13
-104
Convert -2 (base 3) to base 8.
-2
4 (base 11) to base 3
11
27 (base 8) to base 16
17
-4 (base 9) to base 15
-4
-5 (base 16) to base 15
-5
What is -12a (base 12) in base 5?
-1203
What is 3 (base 10) in base 3?
10
What is -22 (base 6) in base 3?
-112
What is -1 (base 11) in base 15?
-1
23 (base 14) to base 5
111
Convert 1d (base 16) to base 14.
21
What is 11 (base 3) in base 10?
4
What is 1001 (base 2) in base 5?
14
What is -100 (base 4) in base 11?
-15
What is -305 (base 8) in base 12?
-145
52 (base 13) to base 5
232
Convert -16 (base 11) to base 10.
-17
What is -23a (base 11) in base 16?
-11d
131 (base 5) to base 14
2d
What is -7c (base 14) in base 16?
-6e
-102 (base 13) to base 4
-2223
Convert -90 (base 11) to base 13.
-78
Convert -2 (base 8) to base 7.
-2
What is 7 (base 15) in base 12?
7
-6 (base 14) to base 16
-6
Convert 25 (base 14) to base 3.
1020
Convert 11111 (base 2) to base 13.
25
16 (base 7) to base 14
d
What is -1 (base 13) in base 8?
-1
3 (base 10) to base 5
3
Convert -2 (base 3) to base 15.
-2
-46 (base 13) to base 6
-134
Convert -2a4 (base 11) to base 5.
-2411
Convert 10 (base 6) to base 12.
6
Convert -30 (base 4) to base 15.
-c
1 (base 13) to base 2
1
Convert 11001 (base 2) to base 3.
221
What is 2 (base 14) in base 10?
2
Convert 100 (base 2) to base 4.
10
What is 8 (base 14) in base 10?
8
Convert -2 (base 4) to base 15.
-2
Convert -202 (base 6) to base 9.
-82
125 (base 6) to base 12
45
Convert -3 (base 13) to base 10.
-3
-1 (base 14) to base 6
-1
-18 (base 13) to base 10
-21
Convert 0 (base 8) to base 14.
0
-4 (base 16) to base 12
-4
What is 4c (base 15) in base 11?
66
What is -172 (base 10) in base 14?
-c4
-11 (base 13) to base 16
-e
What is 1001 (base 3) in base 16?
1c
-23 (base 9) to base 10
-21
What is 1 (base 4) in base 2?
1
Convert 302 (base 6) to base 8.
156
What is 9 (base 10) in base 14?
9
52 (base 13) to base 10
67
What is -4 (base 5) in base 8?
-4
What is 1 (base 13) in base 14?
1
What is -3 (base 9) in base 6?
-3
What is 1 (base 16) in base 13?
1
Convert 7b (base 12) to base 4.
1133
What is 38 (base 10) in base 2?
100110
Convert 10 (base 13) to base 15.
d
What is 20 (base 4) in base 8?
10
100 (base 2) to base 14
4
What is 1 (base 3) in base 7?
1
110 (base 2) to base 14
6
-6 (base 9) to base 5
-11
-1 (base 6) to base 3
-1
What is ad (base 14) in base 2?
10011001
Convert -11001010 (base 2) to base 8.
-312
-63 (base 14) to base 11
-7a
What is 10013 (base 4) in base 6?
1115
Convert 7 (base 14) to base 12.
7
What is 103 (base 4) in base 9?
21
-1 (base 15) to base 16
-1
Convert 2 (base 6) to base 14.
2
Convert -233 (base 4) to base 14.
-35
Convert -c (base 15) to base 5.
-22
Convert -29 (base 15) to base 16.
-27
Convert 2 (base 7) to base 10.
2
Convert c (base 15) to base 4.
30
1001101 (base 2) to base 5
302
10 (base 6) to base 3
20
What is -305 (base 6) in base 14?
-81
What is 1 (base 3) in base 8?
1
-21 (base 13) to base 12
-23
Convert 231 (base 12) to base 13.
1c0
Convert 312 (base 5) to base 8.
122
Convert -11011 (base 2) to base 8.
-33
What is 20 (base 4) in base 11?
8
Convert 0 (base 13) to base 4.
0
Convert 3 (base 12) to base 6.
3
9 (base 11) to base 9
10
-350 (base 8) to base 2
-11101000
What is 12 (base 10) in base 5?
22
What is 7 (base 15) in base 4?
13
Convert -64 (base 7) to base 14.
-34
5 (base 6) to base 4
11
What is -1110010 (base 2) in base 9?
-136
0 (base 14) to base 4
0
What is -10 (base 6) in base 7?
-6
Convert -4 (base 12) to base 15.
-4
1 (base 13) to base 6
1
-3 (base 12) to base 10
-3
What is 1 (base 10) in base 16?
1
Convert -5 (base 15) to base 6.
-5
Convert -110 (base 3) to base 12.
-10
101 (base 2) to base 8
5
What is 4 (base 5) in base 12?
4
Convert -143 (base 7) to base 11.
-73
What is -318 (base 10) in base 13?
-1b6
162 (base 7) to base 15
63
0 (base 9) to base 13
0
-2 (base 4) to base 13
-2
-3 (base 15) to base 7
-3
Convert -3 (base 9) to base 10.
-3
What is 9 (base 12) in base 9?
10
Convert 20 (base 9) to base 14.
14
Convert 5 (base 8) to base 2.
101
444 (base 7) to base 6
1020
What is -2 (base 14) in base 13?
-2
What is 99 (base 10) in base 15?
69
What is -3 (base 5) in base 8?
-3
Convert 1 (base 14) to base 13.
1
Convert 112 (base 3) to base 4.
32
Convert -65 (base 9) to base 14.
-43
What is -10 (base 4) in base 11?
-4
Convert -2 (base 16) to base 7.
-2
41 (base 7) to base 6
45
Convert 3 (base 11) to base 4.
3
What is 4 (base 8) in base 5?
4
Convert -3b (base 16) to base 5.
-214
10 (base 6) to base 9
6
-58 (base 9) to base 13
-41
Convert 22 (base 12) to base 10.
26
What is -1 (base 6) in base 11?
-1
-1000 (base 5) to base 12
-a5
-20 (base 4) to base 7
-11
What is 1 (base 16) in base 5?
1
Convert -4 (base 5) to base 14.
-4
What is -2002 (base 3) in base 6?
-132
Convert 1001 (base 3) to base 4.
130
What is -3 (base 4) in base 8?
-3
3 (base 14) to base 2
11
Convert 1210 (base 3) to base 11.
44
-45 (base 15) to base 11
-5a
What is 31 (base 9) in base 13?
22
-3 (base 5) to base 15
-3
10 (base 2) to base 4
2
-1 (base 13) to base 15
-1
What is 2 (base 6) in base 3?
2
What is 12 (base 9) in base 7?
14
3 (base 9) to base 3
10
What is -11100001 (base 2) in base 4?
-3201
236 (base 10) to base 16
ec
What is -3 (base 9) in base 16?
-3
0 (base 14) to base 4
0
b8 (base 16) to base 10
184
Convert -4e (base 15) to base 5.
-244
What is 49 (base 11) in base 7?
104
-31 (base 15) to base 4
-232
What is 9c (base 16) in base 4?
2130
-3 (base 11) to base 16
-3
Convert -4 (base 10) to base 14.
-4
What is 6 (base 8) in base 15?
6
What is -135 (base 7) in base 2?
-1001011
Convert -11 (base 6) to base 10.
-7
-4 (base 10) to base 3
-11
Convert -a (base 14) to base 16.
-a
551 (base 6) to base 12
157
-10 (base 16) to base 6
-24
37 (base 14) to base 2
110001
Convert 1 (base 5) to base 7.
1
Convert -3 (base 8) to base 16.
-3
What is 1000 (base 4) in base 10?
64
What is -22 (base 16) in base 10?
-34
What is -3 (base 4) in base 15?
-3
Convert 31 (base 11) to base 7.
46
Convert b (base 14) to base 8.
13
Convert -5 (base 10) to base 3.
-12
What is 1 (base 8) in base 9?
1
-2 (base 12) to base 13
-2
What is 100 (base 5) in base 15?
1a
What is 11011 (base 3) in base 12?
94
What is -13 (base 14) in base 6?
-25
Convert 24 (base 6) to base 3.
121
44 (base 10) to base 11
40
Convert 110 (base 7) to base 8.
70
Convert -1 (base 14) to base 2.
-1
10 (base 8) to base 7
11
What is -23 (base 4) in base 5?
-21
-2233 (base 5) to base 7
-633
Convert -65 (base 15) to base 8.
-137
What is 101 (base 2) in base 10?
5
What is -4 (base 8) in base 5?
-4
12 (base 3) to base 10
5
Convert -10d (base 14) to base 6.
-545
Convert 39 (base 11) to base 9.
46
What is 11 (base 5) in base 2?
110
Convert -1 (base 12) to base 13.
-1
Convert 1000000 (base 2) to base 12.
54
-5 (base 13) to base 14
-5
Convert -150 (base 8) to base 16.
-68
What is 0 (base 14) in base 13?
0
What is -33 (base 5) in base 9?
-20
Convert 12 (base 7) to base 5.
14
Convert -122 (base 6) to base 7.
-101
Convert 242 (base 7) to base 2.
10000000
-5 (base 15) to base 13
-5
Convert -1010101 (base 2) to base 16.
-55
-29 (base 15) to base 5
-124
202 (base 5) to base 2
110100
Convert -210 (base 13) to base 8.
-537
Convert 11 (base 2) to base 12.
3
Convert -4 (base 9) to base 10.
-4
205 (base 6) to base 13
5c
Convert 13 (base 4) to base 13.
7
Convert 1 (base 3) to base 9.
1
-28 (base 10) to base 6
-44
What is -13 (base 8) in base 7?
-14
What is 12b (base 12) in base 14?
cb
-3 (base 13) to base 7
-3
What is 11000001 (base 2) in base 12?
141
-56 (base 8) to base 7
-64
Convert -20 (base 5) to base 2.
-1010
What is 0 (base 10) in base 9?
0
94 (base 12) to base 16
70
What is 13 (base 13) in base 2?
10000
Convert -4 (base 15) to base 4.
-10
Convert 7 (base 14) to base 10.
7
Convert -223 (base 4) to base 3.
-1121
Convert 1111100 (base 2) to base 4.
1330
Convert 21212 (base 3) to base 7.
422
Convert 1031 (base 4) to base 14.
57
What is 18 (base 10) in base 16?
12
-2 (base 13) to base 8
-2
What is 32 (base 6) in base 9?
22
Convert 30 (base 10) to base 13.
24
What is -10 (base 16) in base 7?
-22
What is 46 (base 9) in base 12?
36
11 (base 5) to base 3
20
Convert 8 (base 10) to base 6.
12
1 (base 6) to base 5
1
Convert 30 (base 5) to base 14.
11
-4 (base 16) to base 6
-4
What is 3 (base 6) in